 a factor of 233341?
False
Does 49 divide 4125604?
True
Is 12 a factor of 655536?
True
Is 28 a factor of 282436?
True
Is 3 a factor of 313294?
False
Is 13 a factor of 5637151?
True
Does 28 divide 16591?
False
Is 7100 a multiple of 25?
True
Does 98 divide 953834?
True
Is 136450 a multiple of 13?
False
Does 293 divide 222680?
True
Is 23 a factor of 2119285?
False
Is 11 a factor of 73478?
False
Is 6 a factor of 6155514?
True
Does 18 divide 179688?
False
Is 205 a factor of 5615623?
False
Is 361215 a multiple of 345?
True
Is 59774 a multiple of 26?
True
Is 239 a factor of 2993475?
True
Does 16 divide 1149215?
False
Is 1617443 a multiple of 16?
False
Is 288885 a multiple of 39?
False
Is 12 a factor of 103512?
True
Is 4231651 a multiple of 29?
True
Is 8 a factor of 2858560?
True
Is 3 a factor of 96678?
True
Is 3950839 a multiple of 34?
False
Is 202008 a multiple of 12?
True
Is 324 a factor of 30780?
True
Is 2479752 a multiple of 36?
True
Does 462 divide 15390910?
False
Is 118 a factor of 131098?
True
Does 142 divide 194846?
False
Is 8031976 a multiple of 124?
True
Is 62 a factor of 4499511?
False
Does 66 divide 922?
False
Is 28 a factor of 482412?
True
Does 316 divide 27808?
True
Is 13 a factor of 977652?
True
Is 82751 a multiple of 10?
False
Is 1207838 a multiple of 280?
False
Is 372000 a multiple of 500?
True
Is 2473917 a multiple of 1011?
True
Does 9 divide 152905?
False
Is 8878 a multiple of 65?
False
Is 1165861 a multiple of 19?
False
Is 957306 a multiple of 23?
True
Is 128 a factor of 251573?
False
Is 4214531 a multiple of 290?
False
Does 212 divide 259016?
False
Is 1376816 a multiple of 28?
True
Is 520520 a multiple of 55?
True
Is 42 a factor of 1207626?
True
Does 869 divide 1946560?
True
Does 8 divide 11008?
True
Does 54 divide 5817582?
True
Is 162132 a multiple of 118?
True
Does 183 divide 23424?
True
Is 463001 a multiple of 49?
True
Does 286 divide 256828?
True
Does 64 divide 5398848?
True
Does 12 divide 5000621?
False
Is 33 a factor of 126192?
True
Is 92 a factor of 1638980?
True
Does 384 divide 2073984?
True
Does 123 divide 7492950?
False
Is 1442905 a multiple of 429?
False
Is 149 a factor of 174330?
True
Does 18 divide 25960?
False
Does 10 divide 7750?
True
Does 82 divide 73636?
True
Is 2355664 a multiple of 16?
True
Is 26418 a multiple of 27?
False
Is 284614 a multiple of 458?
False
Is 27 a factor of 321418?
False
Is 5 a factor of 159120?
True
Is 4 a factor of 40888?
True
Is 301 a factor of 3495860?
False
Is 12 a factor of 17616900?
True
Is 109 a factor of 45735?
False
Is 10 a factor of 1938400?
True
Is 2092536 a multiple of 72?
True
Does 23 divide 6239220?
False
Is 248745 a multiple of 115?
True
Does 292 divide 369964?
True
Is 8183675 a multiple of 183?
False
Is 79440 a multiple of 12?
True
Does 69 divide 5447412?
True
Does 495 divide 2580545?
False
Is 46428 a multiple of 159?
True
Is 83 a factor of 63329?
True
Is 383866 a multiple of 2?
True
Is 12788244 a multiple of 868?
True
Is 36 a factor of 570420?
True
Does 14 divide 222068?
True
Does 16 divide 112957?
False
Does 31 divide 314278?
True
Does 1051 divide 1159680?
False
Is 26 a factor of 484988?
False
Is 259212 a multiple of 6?
True
Is 135 a factor of 135824?
False
Is 27840 a multiple of 60?
True
Is 111856 a multiple of 16?
True
Does 154 divide 3238928?
True
Does 1184 divide 10085021?
False
Is 1468324 a multiple of 286?
True
Is 35 a factor of 3477904?
False
Does 172 divide 190060?
True
Is 535866 a multiple of 258?
True
Does 201 divide 176880?
True
Does 10 divide 175207?
False
Is 69 a factor of 1665647?
False
Does 100 divide 4931700?
True
Is 1281593 a multiple of 53?
True
Is 1007 a factor of 2752131?
True
Does 2076 divide 18003072?
True
Does 50 divide 3826016?
False
Does 6 divide 2804184?
True
Is 11 a factor of 654872?
False
Does 89 divide 237274?
True
Is 9 a factor of 60429?
False
Is 28 a factor of 9643?
False
Is 10 a factor of 154965?
False
Is 2155860 a multiple of 179?
False
Is 25769 a multiple of 75?
False
Is 426 a factor of 5227020?
True
Is 3 a factor of 9337?
False
Does 481 divide 3845690?
False
Is 48 a factor of 3101184?
True
Is 13 a factor of 157326?
True
Is 50 a factor of 3752150?
True
Is 9 a factor of 422128?
False
Is 290 a factor of 561429?
False
Is 122 a factor of 573405?
False
Is 51012 a multiple of 234?
True
Does 28 divide 54768?
True
Does 30 divide 3633870?
True
Is 70 a factor of 94220?
True
Does 134 divide 2411598?
True
Is 32 a factor of 4039776?
True
Is 17 a factor of 4718384?
True
Is 36225 a multiple of 12?
False
Does 16 divide 290000?
True
Is 56 a factor of 429912?
True
Is 18 a factor of 36267808?
False
Is 9 a factor of 1960400?
False
Does 96 divide 4063911?
False
Is 100 a factor of 477800?
True
Does 7 divide 1637684?
False
Is 2 a factor of 353327?
False
Is 18 a factor of 31187?
False
Does 3 divide 58617?
True
Does 420 divide 199080?
True
Is 162 a factor of 2460530?
False
Is 68 a factor of 9639136?
True
Does 3 divide 4203?
True
Does 4 divide 186988?
True
Does 188 divide 2459192?
False
Does 9 divide 3632604?
False
Is 11 a factor of 2714271?
False
Is 9963859 a multiple of 495?
False
Is 13 a factor of 185239?
False
Does 68 divide 44252?
False
Does 13 divide 700817?
True
Is 1141 a factor of 8584697?
False
Is 20 a factor of 3253556?
False
Does 428 divide 12454800?
True
Is 6 a factor of 397457?
False
Does 63 divide 1148238?
True
Is 16 a factor of 1319708?
False
Does 1116 divide 343476?
False
Is 32 a factor of 223243?
False
Is 113 a factor of 3140022?
False
Is 1960658 a multiple of 161?
True
Does 5 divide 5847?
False
Does 5 divide 16223?
False
Does 46 divide 2242616?
False
Does 21 divide 113146?
False
Is 196 a factor of 457639?
False
Does 26 divide 197522?
True
Is 31 a factor of 1087666?
True
Is 219 a factor of 146855?
False
Is 586586 a multiple of 38?
False
Is 161595 a multiple of 15?
True
Is 1012708 a multiple of 226?
False
Is 297987 a multiple of 71?
True
Does 55 divide 1477135?
True
Is 171 a factor of 4187106?
True
Is 2305261 a multiple of 141?
False
Is 2 a factor of 274666?
True
Does 293 divide 122767?
True
Does 2 divide 5902?
True
Is 17 a factor of 64428?
False
Does 35 divide 9970604?
False
Is 5 a factor of 29185?
True
Is 105560 a multiple of 364?
True
Is 509 a factor of 839793?
False
Is 278 a factor of 23667252?
True
Does 10 divide 325130?
True
Does 25 divide 3862652?
False
Does 532 divide 587237?
False
Is 9 a factor of 980702?
False
Does 10 divide 2275989?
False
Is 16 a factor of 1152844?
False
Is 471759 a multiple of 9?
False
Is 21 a factor of 412335?
True
Does 248 divide 6944?
True
Does 14 divide 33911?
False
Does 21 divide 37515?
False
Is 36 a factor of 292212?
True
Is 24 a factor of 665209?
False
Is 9 a factor of 173415?
False
Is 3593030 a multiple of 382?
False
Does 21 divide 4516029?
True
Does 132 divide 1472367?
False
Does 3 divide 8057?
False
Is 298856 a multiple of 4?
True
Does 9 divide 2060117?
False
Is 143 a factor of 209716?
False
Is 20 a factor of 154949?
False
Is 209 a factor of 96143?
False
Does 39 divide 32994?
True
Is 1408512 a multiple of 168?
True
Is 2786 a multiple of 3?
False
Does 229 divide 751349?
True
Is 142632 a multiple of 28?
True
Is 28971 a multiple of 29?
True
Is 12907091 a multiple of 43?
False
Is 27 a factor of 1697417?
False
Does 41 divide 4823?
False
Does 22 divide 19120376?
True
Is 31 a factor of 104594?
True
Does 43 divide 45418?
False
Does 826 divide 13985476?
False
Does 129 divide 329569?
False
Does 132 divide 80784?
True
Does 34 divide 434270?
False
Is 74 a factor of 233544?
True
Is 47 a factor of 263665?
False
Does 8 divide 47816?
True
Is 159638 a multiple of 9?
False
Does 1183 divide 1042223?
True
Is 28 a factor of 6077792?
True
Is 7656209 a multiple of 11?
True
Is 705555 a multiple of 59?
False
Is 502178 a multiple of 15?
False
Is 980628 a multiple of 12?
True
Is 3522264 a multiple of 194?
True
Is 333527 a multiple of 192?
False
Is 19 a factor of 163623?
False
Is 8 a factor of 100060?
False
Does 54 divide 384286?
False
Is 7050558 a multiple of 38?
True
Is 98 a factor of 167242?
False
Is 3725417 a multiple of 15?
False
Is 1179565 a multiple of 877?
True
Does 43 divide 5449046?
True
Does 27 divide 5198337?
True
Is 486180 a multiple of 555?
True
Does 109 divide 103245?
False
Is 17 a factor of 3517164?
True
Is 4317655 a mu